ommon divisor of 204638 and 7238?
658
Calculate the greatest common factor of 351292 and 124.
124
Calculate the highest common factor of 2845 and 815946.
569
Calculate the highest common divisor of 106 and 230020.
106
Calculate the highest common divisor of 27 and 140706.
9
What is the greatest common factor of 28150 and 2025?
25
Calculate the greatest common factor of 7486 and 16154.
394
What is the greatest common divisor of 42 and 9192?
6
What is the highest common factor of 342 and 24462?
18
What is the highest common divisor of 129746 and 116?
58
What is the highest common factor of 3073 and 15804?
439
Calculate the greatest common factor of 1330855 and 1425.
95
Calculate the greatest common divisor of 12 and 402648.
12
Calculate the highest common divisor of 88322 and 79.
79
What is the greatest common divisor of 129151 and 143?
11
What is the highest common divisor of 75803 and 663?
221
What is the highest common factor of 879 and 43657?
293
What is the highest common factor of 340 and 972?
4
Calculate the highest common divisor of 16016 and 2548.
364
What is the greatest common factor of 717326 and 21242?
1634
Calculate the highest common factor of 2064 and 39.
3
What is the greatest common factor of 274750 and 350?
350
What is the highest common factor of 63 and 749616?
21
What is the highest common divisor of 187 and 271227?
11
Calculate the greatest common factor of 35995 and 7015.
115
What is the highest common factor of 884 and 54366?
442
What is the highest common factor of 52195 and 85?
5
What is the highest common divisor of 2775 and 51?
3
What is the greatest common factor of 141 and 372?
3
What is the greatest common divisor of 460 and 188830?
230
What is the greatest common divisor of 200479 and 433?
433
What is the greatest common factor of 77892 and 60?
12
Calculate the highest common factor of 2920392 and 72.
72
What is the greatest common divisor of 10144 and 22304?
32
What is the greatest common factor of 244 and 151829?
61
Calculate the highest common factor of 2271685 and 65.
65
Calculate the greatest common factor of 26159012 and 44.
44
What is the greatest common factor of 3854 and 6478?
82
What is the highest common divisor of 39 and 168779?
13
Calculate the highest common divisor of 34249 and 29.
29
What is the greatest common divisor of 48965 and 630?
35
Calculate the greatest common factor of 32 and 653552.
16
What is the highest common factor of 24 and 111624?
24
What is the highest common factor of 5084 and 200?
4
What is the highest common divisor of 391678 and 2121?
707
What is the highest common divisor of 13270 and 70?
10
What is the highest common divisor of 208267 and 34?
17
What is the greatest common divisor of 18 and 7659?
9
Calculate the greatest common divisor of 1132677 and 819.
819
Calculate the greatest common divisor of 39984 and 96.
48
Calculate the highest common factor of 28556 and 11564.
236
Calculate the highest common divisor of 9929666 and 323.
323
Calculate the greatest common factor of 138828 and 276.
276
What is the highest common factor of 625 and 13375?
125
Calculate the highest common divisor of 848551 and 11.
11
What is the greatest common divisor of 2180 and 80?
20
Calculate the highest common divisor of 17860 and 3401.
19
What is the highest common divisor of 130 and 83330?
130
What is the greatest common divisor of 97470 and 81?
27
What is the highest common divisor of 252 and 2631204?
36
What is the greatest common divisor of 1 and 2084?
1
What is the highest common factor of 1694 and 2750?
22
Calculate the highest common divisor of 204766 and 258.
86
Calculate the greatest common factor of 5240221 and 7.
7
What is the greatest common divisor of 80432 and 12?
4
Calculate the highest common factor of 2100 and 2900.
100
What is the greatest common factor of 374 and 782?
34
Calculate the highest common factor of 2214 and 212790.
246
What is the highest common divisor of 85 and 7769?
17
What is the greatest common divisor of 9512 and 103936?
232
What is the greatest common divisor of 73807 and 46?
23
What is the highest common divisor of 383 and 409427?
383
Calculate the greatest common factor of 71529 and 1695.
339
What is the greatest common divisor of 396 and 672012?
396
What is the greatest common factor of 106548 and 312?
156
What is the highest common divisor of 728 and 150878?
182
Calculate the greatest common factor of 188195 and 4465.
95
What is the greatest common factor of 2197039 and 13?
13
Calculate the greatest common divisor of 4472 and 36636.
172
What is the highest common factor of 224 and 17360?
112
Calculate the greatest common divisor of 95732 and 789.
263
What is the highest common factor of 5368 and 254309?
671
What is the highest common factor of 706 and 2?
2
What is the greatest common factor of 39 and 90987?
39
Calculate the highest common factor of 21172 and 804.
268
Calculate the highest common divisor of 1261 and 757376.
97
Calculate the greatest common divisor of 5558552 and 197.
197
What is the highest common divisor of 80 and 220900?
20
What is the greatest common factor of 136 and 104074?
34
Calculate the greatest common factor of 274963 and 26.
13
What is the greatest common factor of 71 and 2434448?
71
Calculate the highest common divisor of 27 and 5035176.
27
Calculate the greatest common divisor of 53063 and 48547.
1129
Calculate the greatest common divisor of 17101 and 29253.
49
Calculate the highest common divisor of 3680 and 7912.
184
What is the highest common factor of 1480 and 67488?
296
Calculate the highest common divisor of 28578 and 2794.
22
Calculate the highest common divisor of 14202 and 158326.
526
Calculate the greatest common factor of 14 and 1147118.
14
What is the highest common factor of 64596 and 112?
28
What is the greatest common factor of 18 and 3083796?
18
Calculate the highest common divisor of 39917 and 168081.
179
What is the greatest common factor of 5360520 and 31?
31
What is the greatest common factor of 4637237 and 23?
23
What is the greatest common divisor of 15 and 163245?
15
Calculate the greatest common divisor of 7452 and 3807.
81
Calculate the greatest common divisor of 5943 and 525814.
283
What is the greatest common factor of 4 and 17474?
2
What is the highest common divisor of 11648 and 9568?
416
What is the greatest common factor of 842168 and 199?
199
What is the highest common divisor of 1215 and 1980?
45
Calculate the highest common factor of 13988 and 2600.
52
Calculate the greatest common factor of 1409615 and 15.
5
What is the greatest common factor of 271 and 19?
1
Calculate the highest common factor of 295 and 71685.
295
Calculate the highest common divisor of 67448 and 8.
8
What is the greatest common factor of 418574 and 68?
34
Calculate the greatest common divisor of 5654 and 154.
22
What is the greatest common factor of 4905 and 215275?
545
Calculate the highest common factor of 100 and 2934700.
100
What is the highest common factor of 2 and 178606?
2
What is the greatest common factor of 78 and 67782?
78
What is the greatest common divisor of 68406 and 507?
39
What is the greatest common divisor of 1107 and 464571?
369
Calculate the highest common factor of 9772 and 112.
28
What is the greatest common factor of 55876 and 2074?
122
Calculate the greatest common factor of 504 and 908838.
126
What is the highest common divisor of 2238446 and 56?
14
What is the greatest common factor of 4992 and 203136?
384
Calculate the greatest common factor of 78 and 2853006.
78
Calculate the greatest common divisor of 58599 and 544.
17
What is the greatest common factor of 246 and 86838?
246
What is the highest common divisor of 32 and 39936?
32
Calculate the highest common divisor of 3 and 6411.
3
What is the highest common divisor of 462 and 108?
6
Calculate the greatest common divisor of 828 and 156.
12
What is the highest common divisor of 8148 and 672?
84
Calculate the greatest common divisor of 149496 and 48.
24
What is the greatest common factor of 3472 and 16?
16
Calculate the highest common factor of 588 and 743232.
588
What is the greatest common divisor of 1320 and 235896?
24
Calculate the greatest common factor of 2014 and 7334.
38
Calculate the highest common factor of 6136 and 8024.
472
What